5. Let z be i(4). Calculate the highest common divisor of 851 and z.
37
Let g(d) = 953*d - 1734. Let q be g(2). Let h(k) = -k + 7. Let j be h(3). What is the greatest common factor of j and q?
4
Suppose -1446 = 3*c - 2154. Calculate the greatest common divisor of 5723 and c.
59
Suppose -4*a - 10 = g, -4*g = -7*a + 8*a - 5. Suppose -g*n - 7*n + 81 = 0. Calculate the highest common divisor of 9 and n.
9
Let k = -40 + 42. Suppose c - 236 = 4*g, -4*c + k = -14. Let m = 118 + g. Calculate the highest common factor of 40 and m.
20
Suppose -301*f = -411*f + 60720. Calculate the greatest common divisor of f and 40.
8
Let j be (-3)/3 - (-2 + 4). Let w be j*(275/(-15) - 1). Let h = 59 - w. Calculate the highest common factor of 2 and h.
1
Suppose -2*r + 3125 = p, 0 = 5*p + r - 3*r - 15613. What is the highest common divisor of p and 72?
9
Let t(d) = 2*d**2 - 11*d - 54. Let l be t(9). Let v(g) = 28*g - 225. Let m be v(l). What is the greatest common factor of m and 621?
27
Let r(i) = 12*i - 146. Suppose -14 = 41*l - 42*l. Let v be r(l). What is the highest common factor of v and 264?
22
Suppose -164745 = -4608*f + 4587*f. What is the highest common divisor of f and 15?
15
Let f = 121 + -118. Let g = -2983 - -2988. Calculate the highest common divisor of f and g.
1
Let h be (-590)/(-4)*20/(-25) + -4. Let i = h - -124. Suppose -3*n + i*g = -18, 4*n - 16 = -2*g + 22. Calculate the greatest common factor of n and 1.
1
Let b = -199 + 559. Suppose -3*l + 3*g = -0*l - 150, 5*l - 4*g - 245 = 0. Calculate the highest common factor of l and b.
45
Suppose 4*v + 1309 = 5*i, -81 - 183 = -i + 3*v. What is the greatest common divisor of 99 and i?
9
Suppose 6*d - 9991 = -1081. What is the highest common divisor of 675 and d?
135
Let v(u) = u**2 + 9*u + 13. Let a be v(-7). Let p be (40 + 3 + a)/((-2)/(-24)). Suppose k = -k + p. What is the greatest common divisor of 28 and k?
28
Let n = -1896 - -1928. Calculate the highest common factor of 416 and n.
32
Let l(i) = 4*i + 25. Let a be l(-6). Let y be (1 + 102/(-36))/(a/(-6)). Calculate the highest common factor of 517 and y.
11
Let b = 364 + -986. Let m be (-93)/217 + b/(-14). Calculate the greatest common divisor of 4 and m.
4
Let n(t) = t**3 + 9*t**2 + 8*t + 4. Let s = -136 + 132. Let o be n(s). What is the highest common divisor of o and 13?
13
Suppose 2*t = -t - 159. Suppose -477 = 13*u + 836. Let l = t - u. What is the greatest common divisor of 12 and l?
12
Let b(p) = 3*p - 39. Let x be b(14). Suppose -4*a - 33 = x. Let c be a/(-12) - (-1)/4. What is the highest common factor of c and 23?
1
Suppose -94 = -2*l - n, -764*n + 94 = 2*l - 769*n. Calculate the greatest common divisor of 6721 and l.
47
Suppose -k + 58 = -2*h, -5*k + 3*h + 2*h = -305. Let i be ((-170)/40)/((-2)/k). Let d be (2/8)/((-14)/(-1904)). Calculate the greatest common factor of i and d.
34
Suppose 0 = -5*y - 7 + 532. Let b = y - 21. What is the highest common factor of 21 and b?
21
Let r be 328/(-7)*1785/(-170). Calculate the greatest common factor of r and 84.
12
Suppose -14*k + 3 = -67. Suppose 0 = -l - 2*t + 1, -l + 15 = -k*t - 7. Let z be -1 - (0 + -4 - 25). What is the highest common factor of z and l?
7
Suppose -10*v + 90 = -5*v. Let f be (-3 + -2 + 44)*48/v. Calculate the greatest common divisor of f and 676.
52
Let v(f) be the second derivative of -41*f**3/3 + 41*f**2 + 198*f. Let a be v(-11). Calculate the greatest common divisor of 8 and a.
8
Let d(b) = 7*b**3 + 9*b - 8*b**2 - 3 - 3*b**3 - 3 - 2*b**3. Let g be d(4). Suppose 525 = 5*k + 2*k. Calculate the highest common divisor of k and g.
15
Let o be ((-168)/(-10))/((4/(-7))/((-140)/98)). What is the greatest common divisor of o and 98?
14
Let q = 71 - 65. Suppose 4*p + q = 14. Suppose -3*s = 12, p*s - s = -2*b + 104. What is the greatest common factor of 36 and b?
18
Let z(o) = -o**3 + 48*o**2 + 85*o + 9. Let a be z(47). Calculate the highest common factor of 19 and a.
19
Let k be (2 + -1)*-5 + 3. Let l(f) = 6*f**2 - f + 2. Let s be l(k). What is the highest common divisor of s and 42?
14
Suppose -u = -2, -5*r - 3*u = -0*u - 591. Suppose 4*h - 10 = 26. What is the greatest common divisor of h and r?
9
Suppose q - 177 = 68*o - 69*o, 5*o - 917 = -q. Calculate the greatest common divisor of 3219 and o.
37
Suppose 3*m = -5*t - 2*m + 1120, -3*t - m = -664. Let q = 12 + -7. Suppose -j + k + 88 = -k, -3*j + t = q*k. What is the highest common factor of j and 10?
10
Let t(k) = k**2 - 14*k - 46. Let i be t(-3). Suppose i*g + 19*q = 23*q + 2333, g = q + 467. Calculate the highest common factor of 30 and g.
15
Suppose -43*u + 1499 + 13516 = -4*u. What is the highest common divisor of 187 and u?
11
Suppose 0 = -63*t - 31*t + 376. Let n be 2 + 1 + 0 + -2. Let w be n/(3/138) + -2. What is the highest common factor of w and t?
4
Let o = -189 + 190. Let d be (7 + 6 + 28)/o. Suppose 0*a - 179 = -4*a + 5*x, 0 = 2*a - 2*x - 88. What is the greatest common factor of d and a?
41
Let m(w) = 15*w + 27. Let a be (-12)/(-16) + (-50)/(-8). Let k be m(a). What is the highest common factor of 165 and k?
33
Suppose -23375 + 8631 = -24*n + 29968. Calculate the highest common divisor of 243 and n.
81
Suppose 737 + 208 = 35*y. Suppose 2*m = 0, -2*m - 2*m = 2*b + 82. Let s = -23 - b. What is the highest common factor of s and y?
9
Suppose 20*w - 16*w - 458 = -11*u, 5*u = 2*w - 250. What is the highest common factor of 50 and w?
10
Suppose -4*p - 127 = 405. Let h = -113 - p. What is the highest common divisor of 24 and h?
4
Let j(v) be the third derivative of -7*v**6/12 - v**5/20 - 5*v**4/24 - v**3/2 + v**2 - 78. Let i be j(-1). What is the greatest common divisor of i and 69?
69
Suppose 138 = 3*w - 3*c, -57 - 89 = -3*w - 5*c. Let v be (-20)/(-90) - 1040/(-18). Let o = v - w. What is the greatest common divisor of 1 and o?
1
Let u(k) = k**3 - 8*k**2 - 150*k + 54. Let m be u(17). Calculate the highest common divisor of m and 2268.
21
Let c(r) = 169*r - 2346. Let i be c(14). What is the highest common divisor of i and 32?
4
Let i(u) = u**3 + 7*u**2 - 6*u + 3. Let o be i(4). Suppose 18*a - 4*a + 29*a = 215. Calculate the greatest common divisor of o and a.
5
Let g = 13281 - -644. What is the highest common factor of g and 25?
25
Let f(w) = 17*w**2 + 828*w - 95. Let j be f(-49). Calculate the highest common factor of 78 and j.
6
Suppose -8*s = 764 - 2444. Let r be (-1)/2*34/(-17). Suppose r + 59 = 2*z. Calculate the greatest common factor of s and z.
30
Suppose 338*o = 262*o + 190836. Calculate the highest common divisor of 62 and o.
31
Let y(b) = 63*b - 131. Let p be y(51). What is the highest common factor of 92 and p?
46
Suppose 29*m - 4024 - 4136 = -39*m. Let j be 19 - (-1 + 0 + 0). Calculate the highest common divisor of j and m.
20
Suppose -10*y = -13*y + 1686. Suppose 0 = -3*i + 404 + y. Calculate the highest common divisor of 14 and i.
14
Suppose 5*a - a - 88 = 0. Let m(q) = -25*q - 539. Let d be m(-22). What is the greatest common divisor of d and a?
11
Let m(h) = -32*h**2 - 26*h**2 + 26*h + 61*h**2 - 20. Let x be m(-12). Calculate the greatest common factor of x and 250.
50
Suppose 4*l = 3*v - 4*v + 424, 2*v - 2*l - 818 = 0. Let i = v - 327. Calculate the greatest common factor of i and 935.
85
Suppose j = 4*s - 4063, -3*s + 2608 = 4*j - 425. What is the highest common factor of s and 140?
35
Suppose -k + 377 = -5*j, 2*j - 6*j = -3*k + 306. Let b = 79 + j. Suppose 5*i - 52 = 3*z, -4*z + 9*z = -2*i - b. What is the highest common factor of i and 88?
8
Let s = -520 - -862. Let j = s + -291. What is the highest common divisor of 1581 and j?
51
Let a = 836 - 758. What is the highest common factor of a and 9?
3
Suppose 9*w - 13*w + 1104 = 0. Let u = w - 261. What is the greatest common factor of u and 255?
15
Let r(h) = h**3 + 10*h**2 + 22*h + 3. Suppose 5 - 28 = 5*d - m, -3*m = d + 11. Let n be r(d). What is the greatest common divisor of n and 54?
18
Let b(s) = -316*s**3 - 9*s**2 - 33*s - 6. Let n be b(-2). Calculate the highest common divisor of 32 and n.
8
Let l = -405 - -389. Let i be (156*2)/3*(-20)/l. Calculate the greatest common divisor of 26 and i.
26
Suppose -28*w + 42*w - 252 = 0. Calculate the greatest common factor of 63 and w.
9
Let k = 169 + -167. Let n be k/(-6) + 3/((-54)/(-834)). Calculate the high